{"id":781,"date":"2024-02-23T12:22:45","date_gmt":"2024-02-23T10:22:45","guid":{"rendered":"https:\/\/csantipa.ro\/new\/?page_id=781"},"modified":"2024-02-23T12:26:53","modified_gmt":"2024-02-23T10:26:53","slug":"regulament-biblioteca","status":"publish","type":"page","link":"https:\/\/csantipa.ro\/new\/regulament-biblioteca\/","title":{"rendered":"Regulament Bibliotec\u0103"},"content":{"rendered":"\n<p>Biblioteca \u0219colar\u0103 a Colegiului de \u0218tiin\u021be Grigore Antipa Bra\u0219ov, este bibliotec\u0103 de drept public, f\u0103r\u0103 personalitate juridic\u0103, face parte din re\u021beaua bibliotecilor \u0219colare \u0219i este organizat\u0103 unitar pentru \u00eentreaga institu\u021bie de \u00eenv\u0103\u021b\u0103m\u00e2nt.<\/p>\n\n\n\n<p><\/p>\n\n\n\n<div data-wp-interactive=\"core\/file\" class=\"wp-block-file\"><object data-wp-bind--hidden=\"!state.hasPdfPreview\" hidden class=\"wp-block-file__embed\" data=\"https:\/\/csantipa.ro\/new\/wp-content\/uploads\/2024\/02\/RegBiblio23.pdf\" type=\"application\/pdf\" style=\"width:100%;height:600px\" aria-label=\"\u00cenglobare pentru Regulamentul bibliotecii \u0219colare.\"><\/object><a id=\"wp-block-file--media-782b0f98-2439-4e81-a1e6-06eb778c244b\" href=\"https:\/\/csantipa.ro\/new\/wp-content\/uploads\/2024\/02\/RegBiblio23.pdf\">Regulamentul bibliotecii \u0219colare<\/a><a href=\"https:\/\/csantipa.ro\/new\/wp-content\/uploads\/2024\/02\/RegBiblio23.pdf\" class=\"wp-block-file__button wp-element-button\" download aria-describedby=\"wp-block-file--media-782b0f98-2439-4e81-a1e6-06eb778c244b\">Descarc\u0103<\/a><\/div>\n","protected":false},"excerpt":{"rendered":"<p>Biblioteca \u0219colar\u0103 a Colegiului de \u0218tiin\u021be Grigore Antipa Bra\u0219ov, este bibliotec\u0103 de drept public, f\u0103r\u0103 personalitate juridic\u0103, face parte din re\u021beaua bibliotecilor \u0219colare \u0219i este organizat\u0103 unitar pentru \u00eentreaga institu\u021bie de \u00eenv\u0103\u021b\u0103m\u00e2nt.<\/p>\n","protected":false},"author":1,"featured_media":0,"parent":0,"menu_order":0,"comment_status":"closed","ping_status":"closed","template":"","meta":{"footnotes":""},"class_list":["post-781","page","type-page","status-publish","hentry"],"_links":{"self":[{"href":"https:\/\/csantipa.ro\/new\/wp-json\/wp\/v2\/pages\/781","targetHints":{"allow":["GET"]}}],"collection":[{"href":"https:\/\/csantipa.ro\/new\/wp-json\/wp\/v2\/pages"}],"about":[{"href":"https:\/\/csantipa.ro\/new\/wp-json\/wp\/v2\/types\/page"}],"author":[{"embeddable":true,"href":"https:\/\/csantipa.ro\/new\/wp-json\/wp\/v2\/users\/1"}],"replies":[{"embeddable":true,"href":"https:\/\/csantipa.ro\/new\/wp-json\/wp\/v2\/comments?post=781"}],"version-history":[{"count":3,"href":"https:\/\/csantipa.ro\/new\/wp-json\/wp\/v2\/pages\/781\/revisions"}],"predecessor-version":[{"id":788,"href":"https:\/\/csantipa.ro\/new\/wp-json\/wp\/v2\/pages\/781\/revisions\/788"}],"wp:attachment":[{"href":"https:\/\/csantipa.ro\/new\/wp-json\/wp\/v2\/media?parent=781"}],"curies":[{"name":"wp","href":"https:\/\/api.w.org\/{rel}","templated":true}]}}