{"id":47,"date":"2023-08-02T10:55:08","date_gmt":"2023-08-02T08:55:08","guid":{"rendered":"https:\/\/csantipa.ro\/new\/?page_id=47"},"modified":"2023-08-18T16:41:19","modified_gmt":"2023-08-18T14:41:19","slug":"certificare-asistent-medical-generalist","status":"publish","type":"page","link":"https:\/\/csantipa.ro\/new\/examene\/certificare-asistent-medical-generalist\/","title":{"rendered":"Certificare asistent medical generalist"},"content":{"rendered":"\n<p>La examenul de certificare au dreptul s\u0103 se \u00eenscrie absolven\u021bii care au finalizat studiile \u00een anul \u00een care se sus\u021bine examenul de certificare, precum \u0219i absolven\u021bii din promo\u021biile anterioare<\/p>\n\n\n\n<p>Examenul de certificare a absolven\u021bilor \u00eenv\u0103\u021b\u0103m\u00e2ntului postliceal const\u0103 \u00eentr-o prob\u0103 practic\u0103, o prob\u0103 scris\u0103 \u0219i realizarea \u0219i sus\u021binerea unui proiect.<\/p>\n\n\n\n<ul class=\"wp-block-list\">\n<li><strong>Proba practic\u0103<\/strong> are drept scop confirmarea, \u00een condi\u021bii de examen, a dob\u00e2ndirii unor competen\u021be din cadrul unor unit\u0103\u021bi de competen\u021b\u0103 considerate esen\u021biale \u0219i specifice pentru calificarea respectiv\u0103. Presupune realizarea unor activit\u0103\u021bi cu durata de 6 ore, desf\u0103\u0219urate \u00een condi\u021bii<br>c\u00e2t mai apropiate de cele de munc\u0103 de la angajatori(se desf\u0103\u0219oar\u0103 \u00een spital, institu\u021bii de s\u0103n\u0103tate sau \u00een serviciile de asisten\u021b\u0103 primar\u0103);<\/li>\n\n\n\n<li><strong>Proba scris\u0103 <\/strong>\u00eencepe la ora 9, dureaz\u0103 3 ore \u0219i se desf\u0103\u0219oar\u0103 \u00eenainte de prezentarea \u0219i sus\u021binerea proiectului;<\/li>\n\n\n\n<li><strong>Proiectul <\/strong>se sus\u021bine \u00een fa\u021ba comisiei de examen care evalueaz\u0103 global competen\u021bele dovedite \u0219i consemnate privind: planificarea, organizarea \u0219i progresul activit\u0103\u021bilor pentru realizarea proiectului, calitatea activit\u0103\u021bilor desf\u0103\u0219urate, calitatea proiectului \u0219i calitatea sus\u021binerii orale a proiectului.<\/li>\n<\/ul>\n\n\n\n<p><a href=\"https:\/\/csantipa.ro\/new\/wp-content\/uploads\/2023\/08\/ORDIN_certificare_postliceal-5005.pdf\" data-type=\"link\" data-id=\"https:\/\/csantipa.ro\/new\/wp-content\/uploads\/2023\/08\/ORDIN_certificare_postliceal-5005.pdf\">Metodologiei de organizare \u0219i desf\u0103\u0219urare a examenului de certificare a calific\u0103rii profesionale<\/a> (OMEN 5005\/2014)<\/p>\n\n\n\n<p>Modific\u0103rile \u0219i complet\u0103rile Metodologiei de organizare \u0219i desf\u0103\u0219urare a examenului de certificare a calific\u0103rii profesionale (OMEN 4494\/2020)<\/p>\n\n\n\n<p>Rezultate finale sesiunea august 2020<\/p>\n","protected":false},"excerpt":{"rendered":"<p>La examenul de certificare au dreptul s\u0103 se \u00eenscrie absolven\u021bii care au finalizat studiile \u00een anul \u00een care se sus\u021bine examenul de certificare, precum \u0219i absolven\u021bii din promo\u021biile anterioare Examenul de certificare a absolven\u021bilor \u00eenv\u0103\u021b\u0103m\u00e2ntului postliceal const\u0103 \u00eentr-o prob\u0103 practic\u0103, <a href=\"https:\/\/csantipa.ro\/new\/examene\/certificare-asistent-medical-generalist\/\" class=\"read-more\">Read More &#8230;<\/a><\/p>\n","protected":false},"author":1,"featured_media":0,"parent":38,"menu_order":8,"comment_status":"closed","ping_status":"closed","template":"","meta":{"footnotes":""},"class_list":["post-47","page","type-page","status-publish","hentry"],"_links":{"self":[{"href":"https:\/\/csantipa.ro\/new\/wp-json\/wp\/v2\/pages\/47","targetHints":{"allow":["GET"]}}],"collection":[{"href":"https:\/\/csantipa.ro\/new\/wp-json\/wp\/v2\/pages"}],"about":[{"href":"https:\/\/csantipa.ro\/new\/wp-json\/wp\/v2\/types\/page"}],"author":[{"embeddable":true,"href":"https:\/\/csantipa.ro\/new\/wp-json\/wp\/v2\/users\/1"}],"replies":[{"embeddable":true,"href":"https:\/\/csantipa.ro\/new\/wp-json\/wp\/v2\/comments?post=47"}],"version-history":[{"count":2,"href":"https:\/\/csantipa.ro\/new\/wp-json\/wp\/v2\/pages\/47\/revisions"}],"predecessor-version":[{"id":352,"href":"https:\/\/csantipa.ro\/new\/wp-json\/wp\/v2\/pages\/47\/revisions\/352"}],"up":[{"embeddable":true,"href":"https:\/\/csantipa.ro\/new\/wp-json\/wp\/v2\/pages\/38"}],"wp:attachment":[{"href":"https:\/\/csantipa.ro\/new\/wp-json\/wp\/v2\/media?parent=47"}],"curies":[{"name":"wp","href":"https:\/\/api.w.org\/{rel}","templated":true}]}}