{"id":42,"date":"2023-08-02T10:55:08","date_gmt":"2023-08-02T08:55:08","guid":{"rendered":"https:\/\/csantipa.ro\/new\/?page_id=42"},"modified":"2024-07-22T14:33:09","modified_gmt":"2024-07-22T12:33:09","slug":"admitere-liceu","status":"publish","type":"page","link":"https:\/\/csantipa.ro\/new\/examene\/admitere-liceu\/","title":{"rendered":"Admitere liceu"},"content":{"rendered":"\n<p>Ordinul nr 6154\/2023 privind organizarea si desf\u0103\u0219urarea admiterii in \u00eenv\u0103\u021b\u0103m\u00e2ntul liceal pentru anul \u0219colar 2024-2025<\/p>\n\n\n\n<div data-wp-interactive=\"core\/file\" class=\"wp-block-file\"><object data-wp-bind--hidden=\"!state.hasPdfPreview\" hidden class=\"wp-block-file__embed\" data=\"https:\/\/csantipa.ro\/new\/wp-content\/uploads\/2024\/07\/OrdinAdmLic2024.pdf\" type=\"application\/pdf\" style=\"width:100%;height:600px\" aria-label=\"\u00cenglobare pentru Ordin admitere liceu 2024 si anexe.\"><\/object><a id=\"wp-block-file--media-08ca0ac4-b307-4ae6-bbd2-9d10f266dd30\" href=\"https:\/\/csantipa.ro\/new\/wp-content\/uploads\/2024\/07\/OrdinAdmLic2024.pdf\">Ordin admitere liceu 2024 si anexe<\/a><a href=\"https:\/\/csantipa.ro\/new\/wp-content\/uploads\/2024\/07\/OrdinAdmLic2024.pdf\" class=\"wp-block-file__button wp-element-button\" download aria-describedby=\"wp-block-file--media-08ca0ac4-b307-4ae6-bbd2-9d10f266dd30\">Descarc\u0103<\/a><\/div>\n\n\n\n<p>A fost publicata bro\u0219ura pentru admiterea \u00een \u00eenv\u0103\u021b\u0103m\u00e2ntul liceal, profesional de stat \u0219i dual pentru anul \u0219colar 2024-2025<\/p>\n\n\n\n<div data-wp-interactive=\"core\/file\" class=\"wp-block-file\"><object data-wp-bind--hidden=\"!state.hasPdfPreview\" hidden class=\"wp-block-file__embed\" data=\"https:\/\/csantipa.ro\/new\/wp-content\/uploads\/2024\/02\/RegCamin.pdf\" type=\"application\/pdf\" style=\"width:100%;height:600px\" aria-label=\"\u00cenglobare PDF\"><\/object><a href=\"https:\/\/csantipa.ro\/new\/wp-content\/uploads\/2024\/02\/RegCamin.pdf\" class=\"wp-block-file__button wp-element-button\" download>Descarc\u0103<\/a><\/div>\n","protected":false},"excerpt":{"rendered":"<p>Ordinul nr 6154\/2023 privind organizarea si desf\u0103\u0219urarea admiterii in \u00eenv\u0103\u021b\u0103m\u00e2ntul liceal pentru anul \u0219colar 2024-2025 A fost publicata bro\u0219ura pentru admiterea \u00een \u00eenv\u0103\u021b\u0103m\u00e2ntul liceal, profesional de stat \u0219i dual pentru anul \u0219colar 2024-2025<\/p>\n","protected":false},"author":1,"featured_media":0,"parent":38,"menu_order":3,"comment_status":"closed","ping_status":"closed","template":"","meta":{"footnotes":""},"class_list":["post-42","page","type-page","status-publish","hentry"],"_links":{"self":[{"href":"https:\/\/csantipa.ro\/new\/wp-json\/wp\/v2\/pages\/42","targetHints":{"allow":["GET"]}}],"collection":[{"href":"https:\/\/csantipa.ro\/new\/wp-json\/wp\/v2\/pages"}],"about":[{"href":"https:\/\/csantipa.ro\/new\/wp-json\/wp\/v2\/types\/page"}],"author":[{"embeddable":true,"href":"https:\/\/csantipa.ro\/new\/wp-json\/wp\/v2\/users\/1"}],"replies":[{"embeddable":true,"href":"https:\/\/csantipa.ro\/new\/wp-json\/wp\/v2\/comments?post=42"}],"version-history":[{"count":3,"href":"https:\/\/csantipa.ro\/new\/wp-json\/wp\/v2\/pages\/42\/revisions"}],"predecessor-version":[{"id":877,"href":"https:\/\/csantipa.ro\/new\/wp-json\/wp\/v2\/pages\/42\/revisions\/877"}],"up":[{"embeddable":true,"href":"https:\/\/csantipa.ro\/new\/wp-json\/wp\/v2\/pages\/38"}],"wp:attachment":[{"href":"https:\/\/csantipa.ro\/new\/wp-json\/wp\/v2\/media?parent=42"}],"curies":[{"name":"wp","href":"https:\/\/api.w.org\/{rel}","templated":true}]}}